{"id":13177,"date":"2019-03-21T11:06:42","date_gmt":"2019-03-21T11:06:42","guid":{"rendered":"http:\/\/www.onetik.com\/?page_id=13177"},"modified":"2019-03-21T11:06:42","modified_gmt":"2019-03-21T11:06:42","slug":"troisieme-mof-fromagerie-onetik","status":"publish","type":"page","link":"https:\/\/www.onetik.com\/fr\/troisieme-mof-fromagerie-onetik\/","title":{"rendered":"Un troisi\u00e8me MOF pour la fromagerie Onetik"},"content":{"rendered":"<h1 style=\"text-align: center;\">Vincent Vergne \u00e9lu Meilleur Ouvrier de France<\/h1>\n<p>Vincent Vergne est un fromager bas\u00e9 dans la ville de N\u00eemes. Il y a quelques jours, il est devenu laur\u00e9at du concours Meilleurs Ouvriers de France. Il enfilera le col bleu blanc rouge le 13 mai 2019.<br \/>\nActuellement, vous trouverez dans sa fromagerie la tomme Ch\u00e8vre Brebis Ondua qui a \u00e9t\u00e9 r\u00e9compens\u00e9e par la m\u00e9daille d\u2019argent au concours g\u00e9n\u00e9ral agricole de Paris, cette ann\u00e9e.<\/p>\n<p>Vincent Vergne a repris l\u2019affaire familiale qui avait \u00e9t\u00e9 cr\u00e9\u00e9e par ses parents en 1977. Bas\u00e9s \u00e0 N\u00eemes, Vincent et son p\u00e8re entraient dans le prestigieux classement des 10 fromagers fran\u00e7ais r\u00e9alis\u00e9 par le Gault et Millau . Aujourd\u2019hui, Vincent devient le meilleur ouvrier de France : \u00ab\u00a0Ce concours, c\u2019est aussi une aventure humaine, qui permet de se d\u00e9couvrir, constate-t-il. On ne se bat pas contre les candidats, mais contre le temps et surtout contre soi-m\u00eame.\u00a0\u00bb (Midi-libre)<\/p>\n<p>Les Meilleurs Ouvriers de France sont reconnus pour leurs talents et leurs savoir-faire dans leurs domaines. Nos fromagers savent reconna\u00eetre la qualit\u00e9 de nos fromages et nous sommes fi\u00e8res de pouvoir participer \u00e0 la qualit\u00e9 de ces cr\u00e9meries. Nous souhaitons bonne chance \u00e0 notre nouveau MOF.<\/p>\n<p>&nbsp;<\/p>\n<p style=\"text-align: center;\"><span style=\"color: #808080;\"><a style=\"color: #808080;\" href=\"http:\/\/fromagerie-vergne.fr\/\">Pour plus d&rsquo;informations cliquez ici !<\/a> <\/span><\/p>\n<p>&nbsp;<\/p>\n<p><a href=\"http:\/\/www.onetik.com\/wp-content\/uploads\/2019\/03\/image.jpg\"><img loading=\"lazy\" decoding=\"async\" class=\"aligncenter size-full wp-image-13178\" src=\"http:\/\/www.onetik.com\/wp-content\/uploads\/2019\/03\/image.jpg\" alt=\"\" width=\"885\" height=\"500\" srcset=\"https:\/\/www.onetik.com\/wp-content\/uploads\/2019\/03\/image.jpg 885w, https:\/\/www.onetik.com\/wp-content\/uploads\/2019\/03\/image-300x169.jpg 300w, https:\/\/www.onetik.com\/wp-content\/uploads\/2019\/03\/image-768x434.jpg 768w, https:\/\/www.onetik.com\/wp-content\/uploads\/2019\/03\/image-382x216.jpg 382w\" sizes=\"auto, (max-width: 885px) 100vw, 885px\" \/><\/a>Source : Midi Libre<\/p>\n","protected":false},"excerpt":{"rendered":"<p>Vincent Vergne \u00e9lu Meilleur Ouvrier de France Vincent Vergne est un fromager bas\u00e9 dans la ville de N\u00eemes. Il y [&hellip;]<\/p>\n","protected":false},"author":2,"featured_media":13178,"parent":0,"menu_order":0,"comment_status":"closed","ping_status":"closed","template":"","meta":{"_acf_changed":false,"footnotes":""},"class_list":["post-13177","page","type-page","status-publish","has-post-thumbnail","hentry"],"acf":[],"yoast_head":"<!-- This site is optimized with the Yoast SEO plugin v27.2 - https:\/\/yoast.com\/product\/yoast-seo-wordpress\/ -->\n<title>Un troisi\u00e8me MOF pour la fromagerie Onetik - Onetik<\/title>\n<meta name=\"description\" content=\"Vincent Vergne est un fromager bas\u00e9 dans la ville de N\u00eemes. Il y a quelques jours, il est devenu laur\u00e9at du concours Meilleurs Ouvriers de France. Il enfilera le col bleu blanc rouge le 13 mai 2019.\" \/>\n<meta name=\"robots\" content=\"index, follow, max-snippet:-1, max-image-preview:large, max-video-preview:-1\" \/>\n<link rel=\"canonical\" href=\"https:\/\/www.onetik.com\/fr\/troisieme-mof-fromagerie-onetik\/\" \/>\n<meta property=\"og:locale\" content=\"fr_FR\" \/>\n<meta property=\"og:type\" content=\"article\" \/>\n<meta property=\"og:title\" content=\"Un troisi\u00e8me MOF pour la fromagerie Onetik - Onetik\" \/>\n<meta property=\"og:description\" content=\"Vincent Vergne est un fromager bas\u00e9 dans la ville de N\u00eemes. Il y a quelques jours, il est devenu laur\u00e9at du concours Meilleurs Ouvriers de France. Il enfilera le col bleu blanc rouge le 13 mai 2019.\" \/>\n<meta property=\"og:url\" content=\"https:\/\/www.onetik.com\/fr\/troisieme-mof-fromagerie-onetik\/\" \/>\n<meta property=\"og:site_name\" content=\"Onetik\" \/>\n<meta property=\"og:image\" content=\"https:\/\/www.onetik.com\/wp-content\/uploads\/2019\/03\/image.jpg\" \/>\n\t<meta property=\"og:image:width\" content=\"885\" \/>\n\t<meta property=\"og:image:height\" content=\"500\" \/>\n\t<meta property=\"og:image:type\" content=\"image\/jpeg\" \/>\n<meta name=\"twitter:card\" content=\"summary_large_image\" \/>\n<meta name=\"twitter:label1\" content=\"Dur\u00e9e de lecture estim\u00e9e\" \/>\n\t<meta name=\"twitter:data1\" content=\"1 minute\" \/>\n<script type=\"application\/ld+json\" class=\"yoast-schema-graph\">{\"@context\":\"https:\/\/schema.org\",\"@graph\":[{\"@type\":\"WebPage\",\"@id\":\"https:\/\/www.onetik.com\/fr\/troisieme-mof-fromagerie-onetik\/\",\"url\":\"https:\/\/www.onetik.com\/fr\/troisieme-mof-fromagerie-onetik\/\",\"name\":\"Un troisi\u00e8me MOF pour la fromagerie Onetik - Onetik\",\"isPartOf\":{\"@id\":\"https:\/\/www.onetik.com\/fr\/#website\"},\"primaryImageOfPage\":{\"@id\":\"https:\/\/www.onetik.com\/fr\/troisieme-mof-fromagerie-onetik\/#primaryimage\"},\"image\":{\"@id\":\"https:\/\/www.onetik.com\/fr\/troisieme-mof-fromagerie-onetik\/#primaryimage\"},\"thumbnailUrl\":\"https:\/\/www.onetik.com\/wp-content\/uploads\/2019\/03\/image.jpg\",\"datePublished\":\"2019-03-21T11:06:42+00:00\",\"description\":\"Vincent Vergne est un fromager bas\u00e9 dans la ville de N\u00eemes. Il y a quelques jours, il est devenu laur\u00e9at du concours Meilleurs Ouvriers de France. Il enfilera le col bleu blanc rouge le 13 mai 2019.\",\"breadcrumb\":{\"@id\":\"https:\/\/www.onetik.com\/fr\/troisieme-mof-fromagerie-onetik\/#breadcrumb\"},\"inLanguage\":\"fr-FR\",\"potentialAction\":[{\"@type\":\"ReadAction\",\"target\":[\"https:\/\/www.onetik.com\/fr\/troisieme-mof-fromagerie-onetik\/\"]}]},{\"@type\":\"ImageObject\",\"inLanguage\":\"fr-FR\",\"@id\":\"https:\/\/www.onetik.com\/fr\/troisieme-mof-fromagerie-onetik\/#primaryimage\",\"url\":\"https:\/\/www.onetik.com\/wp-content\/uploads\/2019\/03\/image.jpg\",\"contentUrl\":\"https:\/\/www.onetik.com\/wp-content\/uploads\/2019\/03\/image.jpg\",\"width\":885,\"height\":500},{\"@type\":\"BreadcrumbList\",\"@id\":\"https:\/\/www.onetik.com\/fr\/troisieme-mof-fromagerie-onetik\/#breadcrumb\",\"itemListElement\":[{\"@type\":\"ListItem\",\"position\":1,\"name\":\"Accueil\",\"item\":\"https:\/\/www.onetik.com\/fr\/\"},{\"@type\":\"ListItem\",\"position\":2,\"name\":\"Un troisi\u00e8me MOF pour la fromagerie Onetik\"}]},{\"@type\":\"WebSite\",\"@id\":\"https:\/\/www.onetik.com\/fr\/#website\",\"url\":\"https:\/\/www.onetik.com\/fr\/\",\"name\":\"Onetik\",\"description\":\"La Fromagerie du Pays Basque\",\"potentialAction\":[{\"@type\":\"SearchAction\",\"target\":{\"@type\":\"EntryPoint\",\"urlTemplate\":\"https:\/\/www.onetik.com\/fr\/?s={search_term_string}\"},\"query-input\":{\"@type\":\"PropertyValueSpecification\",\"valueRequired\":true,\"valueName\":\"search_term_string\"}}],\"inLanguage\":\"fr-FR\"}]}<\/script>\n<!-- \/ Yoast SEO plugin. -->","yoast_head_json":{"title":"Un troisi\u00e8me MOF pour la fromagerie Onetik - Onetik","description":"Vincent Vergne est un fromager bas\u00e9 dans la ville de N\u00eemes. Il y a quelques jours, il est devenu laur\u00e9at du concours Meilleurs Ouvriers de France. Il enfilera le col bleu blanc rouge le 13 mai 2019.","robots":{"index":"index","follow":"follow","max-snippet":"max-snippet:-1","max-image-preview":"max-image-preview:large","max-video-preview":"max-video-preview:-1"},"canonical":"https:\/\/www.onetik.com\/fr\/troisieme-mof-fromagerie-onetik\/","og_locale":"fr_FR","og_type":"article","og_title":"Un troisi\u00e8me MOF pour la fromagerie Onetik - Onetik","og_description":"Vincent Vergne est un fromager bas\u00e9 dans la ville de N\u00eemes. Il y a quelques jours, il est devenu laur\u00e9at du concours Meilleurs Ouvriers de France. Il enfilera le col bleu blanc rouge le 13 mai 2019.","og_url":"https:\/\/www.onetik.com\/fr\/troisieme-mof-fromagerie-onetik\/","og_site_name":"Onetik","og_image":[{"width":885,"height":500,"url":"https:\/\/www.onetik.com\/wp-content\/uploads\/2019\/03\/image.jpg","type":"image\/jpeg"}],"twitter_card":"summary_large_image","twitter_misc":{"Dur\u00e9e de lecture estim\u00e9e":"1 minute"},"schema":{"@context":"https:\/\/schema.org","@graph":[{"@type":"WebPage","@id":"https:\/\/www.onetik.com\/fr\/troisieme-mof-fromagerie-onetik\/","url":"https:\/\/www.onetik.com\/fr\/troisieme-mof-fromagerie-onetik\/","name":"Un troisi\u00e8me MOF pour la fromagerie Onetik - Onetik","isPartOf":{"@id":"https:\/\/www.onetik.com\/fr\/#website"},"primaryImageOfPage":{"@id":"https:\/\/www.onetik.com\/fr\/troisieme-mof-fromagerie-onetik\/#primaryimage"},"image":{"@id":"https:\/\/www.onetik.com\/fr\/troisieme-mof-fromagerie-onetik\/#primaryimage"},"thumbnailUrl":"https:\/\/www.onetik.com\/wp-content\/uploads\/2019\/03\/image.jpg","datePublished":"2019-03-21T11:06:42+00:00","description":"Vincent Vergne est un fromager bas\u00e9 dans la ville de N\u00eemes. Il y a quelques jours, il est devenu laur\u00e9at du concours Meilleurs Ouvriers de France. Il enfilera le col bleu blanc rouge le 13 mai 2019.","breadcrumb":{"@id":"https:\/\/www.onetik.com\/fr\/troisieme-mof-fromagerie-onetik\/#breadcrumb"},"inLanguage":"fr-FR","potentialAction":[{"@type":"ReadAction","target":["https:\/\/www.onetik.com\/fr\/troisieme-mof-fromagerie-onetik\/"]}]},{"@type":"ImageObject","inLanguage":"fr-FR","@id":"https:\/\/www.onetik.com\/fr\/troisieme-mof-fromagerie-onetik\/#primaryimage","url":"https:\/\/www.onetik.com\/wp-content\/uploads\/2019\/03\/image.jpg","contentUrl":"https:\/\/www.onetik.com\/wp-content\/uploads\/2019\/03\/image.jpg","width":885,"height":500},{"@type":"BreadcrumbList","@id":"https:\/\/www.onetik.com\/fr\/troisieme-mof-fromagerie-onetik\/#breadcrumb","itemListElement":[{"@type":"ListItem","position":1,"name":"Accueil","item":"https:\/\/www.onetik.com\/fr\/"},{"@type":"ListItem","position":2,"name":"Un troisi\u00e8me MOF pour la fromagerie Onetik"}]},{"@type":"WebSite","@id":"https:\/\/www.onetik.com\/fr\/#website","url":"https:\/\/www.onetik.com\/fr\/","name":"Onetik","description":"La Fromagerie du Pays Basque","potentialAction":[{"@type":"SearchAction","target":{"@type":"EntryPoint","urlTemplate":"https:\/\/www.onetik.com\/fr\/?s={search_term_string}"},"query-input":{"@type":"PropertyValueSpecification","valueRequired":true,"valueName":"search_term_string"}}],"inLanguage":"fr-FR"}]}},"_links":{"self":[{"href":"https:\/\/www.onetik.com\/fr\/wp-json\/wp\/v2\/pages\/13177","targetHints":{"allow":["GET"]}}],"collection":[{"href":"https:\/\/www.onetik.com\/fr\/wp-json\/wp\/v2\/pages"}],"about":[{"href":"https:\/\/www.onetik.com\/fr\/wp-json\/wp\/v2\/types\/page"}],"author":[{"embeddable":true,"href":"https:\/\/www.onetik.com\/fr\/wp-json\/wp\/v2\/users\/2"}],"replies":[{"embeddable":true,"href":"https:\/\/www.onetik.com\/fr\/wp-json\/wp\/v2\/comments?post=13177"}],"version-history":[{"count":1,"href":"https:\/\/www.onetik.com\/fr\/wp-json\/wp\/v2\/pages\/13177\/revisions"}],"predecessor-version":[{"id":13181,"href":"https:\/\/www.onetik.com\/fr\/wp-json\/wp\/v2\/pages\/13177\/revisions\/13181"}],"wp:featuredmedia":[{"embeddable":true,"href":"https:\/\/www.onetik.com\/fr\/wp-json\/wp\/v2\/media\/13178"}],"wp:attachment":[{"href":"https:\/\/www.onetik.com\/fr\/wp-json\/wp\/v2\/media?parent=13177"}],"curies":[{"name":"wp","href":"https:\/\/api.w.org\/{rel}","templated":true}]}}

Un troisième MOF pour la fromagerie Onetik

<h1 style="text-align: center;">Vincent Vergne élu Meilleur Ouvrier de France</h1>
<p>Vincent Vergne est un fromager basé dans la ville de Nîmes. Il y a quelques jours, il est devenu lauréat du concours Meilleurs Ouvriers de France. Il enfilera le col bleu blanc rouge le 13 mai 2019.<br />
Actuellement, vous trouverez dans sa fromagerie la tomme Chèvre Brebis Ondua qui a été récompensée par la médaille d’argent au concours général agricole de Paris, cette année.</p>
<p>Vincent Vergne a repris l’affaire familiale qui avait été créée par ses parents en 1977. Basés à Nîmes, Vincent et son père entraient dans le prestigieux classement des 10 fromagers français réalisé par le Gault et Millau . Aujourd’hui, Vincent devient le meilleur ouvrier de France : « Ce concours, c’est aussi une aventure humaine, qui permet de se découvrir, constate-t-il. On ne se bat pas contre les candidats, mais contre le temps et surtout contre soi-même. » (Midi-libre)</p>
<p>Les Meilleurs Ouvriers de France sont reconnus pour leurs talents et leurs savoir-faire dans leurs domaines. Nos fromagers savent reconnaître la qualité de nos fromages et nous sommes fières de pouvoir participer à la qualité de ces crémeries. Nous souhaitons bonne chance à notre nouveau MOF.</p>
<p>&nbsp;</p>
<p style="text-align: center;"><span style="color: #808080;"><a style="color: #808080;" href="http://fromagerie-vergne.fr/">Pour plus d&rsquo;informations cliquez ici !</a> </span></p>
<p>&nbsp;</p>
<p><a href="http://www.onetik.com/wp-content/uploads/2019/03/image.jpg"><img loading="lazy" decoding="async" class="aligncenter size-full wp-image-13178" src="http://www.onetik.com/wp-content/uploads/2019/03/image.jpg" alt="" width="885" height="500" srcset="https://www.onetik.com/wp-content/uploads/2019/03/image.jpg 885w, https://www.onetik.com/wp-content/uploads/2019/03/image-300x169.jpg 300w, https://www.onetik.com/wp-content/uploads/2019/03/image-768x434.jpg 768w, https://www.onetik.com/wp-content/uploads/2019/03/image-382x216.jpg 382w" sizes="auto, (max-width: 885px) 100vw, 885px" /></a>Source : Midi Libre</p>

<p>Vincent Vergne élu Meilleur Ouvrier de France Vincent Vergne est un fromager basé dans la ville de Nîmes. Il y [&hellip;]</p>

<!-- This site is optimized with the Yoast SEO plugin v27.2 - https://yoast.com/product/yoast-seo-wordpress/ -->
<title>Un troisième MOF pour la fromagerie Onetik - Onetik</title>
<meta name="description" content="Vincent Vergne est un fromager basé dans la ville de Nîmes. Il y a quelques jours, il est devenu lauréat du concours Meilleurs Ouvriers de France. Il enfilera le col bleu blanc rouge le 13 mai 2019." />
<meta name="robots" content="index, follow, max-snippet:-1, max-image-preview:large, max-video-preview:-1" />
<link rel="canonical" href="https://www.onetik.com/fr/troisieme-mof-fromagerie-onetik/" />
<meta property="og:locale" content="fr_FR" />
<meta property="og:type" content="article" />
<meta property="og:title" content="Un troisième MOF pour la fromagerie Onetik - Onetik" />
<meta property="og:description" content="Vincent Vergne est un fromager basé dans la ville de Nîmes. Il y a quelques jours, il est devenu lauréat du concours Meilleurs Ouvriers de France. Il enfilera le col bleu blanc rouge le 13 mai 2019." />
<meta property="og:url" content="https://www.onetik.com/fr/troisieme-mof-fromagerie-onetik/" />
<meta property="og:site_name" content="Onetik" />
<meta property="og:image" content="https://www.onetik.com/wp-content/uploads/2019/03/image.jpg" />
	<meta property="og:image:width" content="885" />
	<meta property="og:image:height" content="500" />
	<meta property="og:image:type" content="image/jpeg" />
<meta name="twitter:card" content="summary_large_image" />
<meta name="twitter:label1" content="Durée de lecture estimée" />
	<meta name="twitter:data1" content="1 minute" />
<script type="application/ld+json" class="yoast-schema-graph">{"@context":"https://schema.org","@graph":[{"@type":"WebPage","@id":"https://www.onetik.com/fr/troisieme-mof-fromagerie-onetik/","url":"https://www.onetik.com/fr/troisieme-mof-fromagerie-onetik/","name":"Un troisième MOF pour la fromagerie Onetik - Onetik","isPartOf":{"@id":"https://www.onetik.com/fr/#website"},"primaryImageOfPage":{"@id":"https://www.onetik.com/fr/troisieme-mof-fromagerie-onetik/#primaryimage"},"image":{"@id":"https://www.onetik.com/fr/troisieme-mof-fromagerie-onetik/#primaryimage"},"thumbnailUrl":"https://www.onetik.com/wp-content/uploads/2019/03/image.jpg","datePublished":"2019-03-21T11:06:42+00:00","description":"Vincent Vergne est un fromager basé dans la ville de Nîmes. Il y a quelques jours, il est devenu lauréat du concours Meilleurs Ouvriers de France. Il enfilera le col bleu blanc rouge le 13 mai 2019.","breadcrumb":{"@id":"https://www.onetik.com/fr/troisieme-mof-fromagerie-onetik/#breadcrumb"},"inLanguage":"fr-FR","potentialAction":[{"@type":"ReadAction","target":["https://www.onetik.com/fr/troisieme-mof-fromagerie-onetik/"]}]},{"@type":"ImageObject","inLanguage":"fr-FR","@id":"https://www.onetik.com/fr/troisieme-mof-fromagerie-onetik/#primaryimage","url":"https://www.onetik.com/wp-content/uploads/2019/03/image.jpg","contentUrl":"https://www.onetik.com/wp-content/uploads/2019/03/image.jpg","width":885,"height":500},{"@type":"BreadcrumbList","@id":"https://www.onetik.com/fr/troisieme-mof-fromagerie-onetik/#breadcrumb","itemListElement":[{"@type":"ListItem","position":1,"name":"Accueil","item":"https://www.onetik.com/fr/"},{"@type":"ListItem","position":2,"name":"Un troisième MOF pour la fromagerie Onetik"}]},{"@type":"WebSite","@id":"https://www.onetik.com/fr/#website","url":"https://www.onetik.com/fr/","name":"Onetik","description":"La Fromagerie du Pays Basque","potentialAction":[{"@type":"SearchAction","target":{"@type":"EntryPoint","urlTemplate":"https://www.onetik.com/fr/?s={search_term_string}"},"query-input":{"@type":"PropertyValueSpecification","valueRequired":true,"valueName":"search_term_string"}}],"inLanguage":"fr-FR"}]}</script>
<!-- / Yoast SEO plugin. -->

Un troisième MOF pour la fromagerie Onetik - Onetik

Vincent Vergne est un fromager basé dans la ville de Nîmes. Il y a quelques jours, il est devenu lauréat du concours Meilleurs Ouvriers de France. Il enfilera le col bleu blanc rouge le 13 mai 2019.
